
Calculate 2 - (-4 - (-12 + -11 + 12)).
-5
Evaluate -236 + 154 - ((-7 - -3) + 7 + -14).
-71
Calculate 20 + (-10 - (-11 - -28)).
-7
What is the value of (137 - (4 - (-17 + (-14 - (-16 - 11))))) + -12?
117
(1 - -13) + 49 + (4 - -2) + 2
71
What is the value of 47 - (8 - -159 - 46)?
-74
What is -28 - (-63 + (26 - 18))?
27
Calculate 13 - ((13 - 27) + 2 + 32) - 25.
-32
-42 - (60 + -84) - (4 - 91)
69
(-59 - (24 + -15)) + (4 - (-3 + 16 + -1))
-76
-21 + (5 - (15 - (17 - 1)))
-15
Evaluate -1487 + 1481 - ((0 - 123) + (10 - 10)).
117
384 + -293 + (-176 - 8)
-93
What is (-2 - 15) + -18 + -5 + 39?
-1
Evaluate 92 + 56 + -77 + 20.
91
Evaluate (-16 + 252 - 223) + (-1 - (0 - -82)).
-70
What is the value of (0 - -14) + 16 + 8 + 1 + -5?
34
(13491 - 13474) + (1 + -9 - 2)
7
What is the value of 14 - 1 - (29 - 2) - (-6 + -6)?
-2
(-16 - -6) + (-35 + 46 - 31)
-30
Evaluate 80 + -80 - (-1 + 6 - (-7 - 41)).
-53
Evaluate -25 + 119 + (25 + -23 + 2 - (1 - -13)).
84
What is the value of -28 + (-2 + 8 - (62 - 61))?
-23
What is the value of 174 + -143 + (3 - (-56 - -3))?
87
What is the value of 2 + 40 - (-66 + 76 - -46)?
-14
Evaluate -1 + -37 - -1 - (10 + 5 + -8 + -11).
-33
What is (28 - (10 - 9)) + (-651 - -681)?
57
What is -31 + 0 + -2795 + 2735?
-91
Evaluate -41 + 0 + (-17 - -70).
12
What is ((58 - 19) + -11 - 20) + 5 + 12?
25
-98 + -3 + -21 + (89 - 38)
-71
What is the value of 0 + (13 - (42 + 0 + 7))?
-36
Calculate 2 + -12 - ((27 - 25) + -74 + -17).
79
-7 + ((5 - -12) + 37 - (-4 - (-3 - 9)))
39
Calculate 42 - 3 - (21 + 5 + -2 + -18).
33
Evaluate 38 + (-22 - (-26 + (9 - 20))) + 5.
58
Calculate (677 - 685) + (2 - (3 + 4) - -3).
-10
What is 7 + (1 - 1) + -24 + (-51 - -55) + 0?
-13
Calculate 70 + 39 + 2 + 30 + -36.
105
-7 + 4 - -3 - (2 + -13)
11
-43 - ((-3 - 26) + -64)
50
3 + -80 + 411 + -380
-46
What is -684 + 667 + 42 + 1 - 1?
25
What is the value of ((29 - 24) + -3 - 10) + 56?
48
Evaluate (1 - (-41 + 76 - 39)) + (-2 - (0 - 27)).
30
What is (68 - 29) + -78 + 8?
-31
What is 337 - 249 - (-17 - -1) - (-15 + 6)?
113
What is the value of -4 - (11 + 8 + -43 + 21 - 103)?
102
Evaluate -3 + (-89 - (-36 + 51 + -1 + -30)).
-76
Calculate (12 - 1) + 1 - (10 + (11 - 24)) - -2.
17
What is the value of 83 - (-27 + (59 - -13))?
38
What is the value of 44 - (48 + -9) - -14?
19
(3 - -51) + -25 + -32
-3
What is the value of -1 - (-16 - (46 - 12 - 13))?
36
What is 0 + -4 - (-35 - (36 - 85) - 24)?
6
Calculate -38 + -40 + 75 + 67.
64
0 + -50 - -54 - (2 + -5)
7
What is -28 - (167 + -126 - -27)?
-96
7 + (-41 - (-71 - -2))
35
Evaluate -124 + (-33 - (-21 - 126)).
-10
What is the value of 60 + 55 + -110 + 91?
96
What is the value of (-43 - 2) + (3957 - 3881)?
31
-165 + -42 + 218 - (-2 - -3 - (-2 + 79))
87
Evaluate 7 + -9 + (7 - 2) + -9 + (-3 - -31).
22
10 + (-6 - -4 - 0) - 8 - -64
64
92 - ((19 - 88) + 142)
19
-166 - -167 - (0 + (5 + -3 - 0) + 2)
-3
Evaluate 104 - (66 - (16 - -2 - -18)).
74
1 - 16 - (745 + -803)
43
What is the value of 24 + (0 - -15 - (67 + -2))?
-26
What is 100 + (-18 - -28 - 58)?
52
Evaluate -1 - 3 - -22 - ((10 - 19) + 17).
10
Evaluate -59 + (-10 + 30 - 9) + -33.
-81
Calculate (17 - 19) + 13 - (-9 + 67 - 4 - -11).
-54
Calculate 12 + (1 + -1 - (-11 + (-7 - -68) + 10)).
-48
Evaluate (-69 + 26 - -35) + (-17 - -7 - 104).
-122
What is 0 + 47 - (108 + -40 + -61)?
40
What is the value of -4161 + 4125 - (-19 - 0)?
-17
Calculate -354 + 259 - (13 - 38 - -6).
-76
What is the value of (-805 - -873) + 0 + -69?
-1
What is (5 - 6 - 6) + 5 + (-17 - (6 + 5))?
-30
-11 + (7 - -3) + -157 + 158
0
Calculate (-47 - -106) + -122 - -57.
-6
What is -11 - -22 - (-33 - -57) - (4 + 12)?
-29
(-24 - -12) + 4 + -2 - (-12 + (-9 - -40))
-29
Calculate 49 + -34 + (-122 - -86).
-21
What is -21 + -25 + 22 + -14 + 7?
-31
Evaluate 2 - 67 - (10 - (20 + -21 + 0) - 9).
-67
Calculate (27 - 13) + 36 + 3 + -23.
30
-56 + 68 - ((-22 - -20) + -4)
18
Calculate 130 + -3 + (-569 - -349).
-93
Calculate (50 - 8 - 69) + 62.
35
36 - ((-2 - -62) + -10)
-14
What is the value of 60 + (-153 - (-34 + -55))?
-4
What is 11 + 2 + (1 - -16) + -17 + 9 + 1?
23
What is 6 - (-7 + 3 + -3 + 25 + 6)?
-18
Calculate -77 + (70 - 79) + 177.
91
Evaluate (1 + 12 - (1 - (5 - 5))) + (201 - 168).
45
Calculate ((3 - 1) + -3 - 23) + (-3150 - -3140).
-34
Evaluate -5 + -76 + 6 + -1 - (1340 - 1354).
-62
Evaluate -66 + 27 + 11 + -23 + -2.
-53
Calculate -117 + 263 + -197 - (-25 + 1).
-27
Calculate (29 - -1 - (-56 + 15 + 35)) + 5.
41
What is 32 + (-29 - -113) - 60?
56
Evaluate (-52 - (62 - 117)) + 2 + 3 + 51.
59
What is -2 - (0 - -9) - (36 + (43 - (39 + 164)))?
113
What is the value of 67 + (36 - 194) + 35?
-56
Evaluate -6969 - -6972 - (14 - -1).
-12
Evaluate -1 - 19 - ((76 - -1) + -84).
-13
Evaluate (2 - -5 - -1 - -2) + 64 + 84 + -108.
50
What is 0 + (8 - 28) - (-22 + 5)?
-3
Evaluate 11655 + -11531 + 1 + -40.
85
Evaluate 34 - ((-12 - 9 - -19) + -5).
41
Calculate (-247 - -252) + (0 - (-1 + 5)) + 178 + -218.
-39
What is (94 - 100) + -35 + 129?
88
Evaluate -761 + 666 + (24 - (3 - 1)).
-73
-24 - (-8 - (-1 + 21 + -25))
-21
What is -39 + -1 - (54 + -51 - (4 + 1))?
-38
Evaluate 0 + -11 - (23 + -2 - (-92 + 111)) - -84.
71
What is -2 + -3 + 18 + -42 + 8 + -8?
-29
(3 - -3) + -4 - (-7 - (26 + -45))
-10
Calculate (-23 - (-57 - (-14 - 15))) + 52.
57
Calculate (-15 - 1) + -2 - (150 - (75 + 188)).
95
Calculate 100 + (-43 + -20 - 102).
-65
Calculate 60 + 16 + -31 + (36 - 16).
65
What is the value of (2 - -31) + -94 + 85 + 3 + -1?
26
Calculate (2 - 3 - 5) + (20 - (-70 - (-52 - -27))).
59
Calculate (35 - (8 + 13)) + (-31 - -1).
-16
(-132 + -66 - -87) + 210
99
What is -13 - ((-13 - (3 + -17)) + -3) - 8?
-19
What is -101 + (85 - (-46 + 130))?
-100
-13 + 65 - 2 - (-1 + 10 + 3 + -8)
46
What is the value of 0 + (-3 - -39) - (10 - (31 - 11) - -17)?
29
What is (-2 - -16) + -2 - (-61 + -105 + 150)?
28
Evaluate -3 + 3 + 214 + -267 + 35.
-18
Calculate 21 + 21 - ((-11 - 5) + 39).
19
Calculate (-1 - 2) + 102 + (-5 - -18) - 6.
106
What is (49 - 74) + 26 + 43?
44
What is the value of 97 - ((-69 - -15) + 131)?
20
Calculate (-1 - (-3 + 13)) + (47 - (-32 - -77)).
-9
Calculate -17 - (-26 + 2 - (-2 + -17 + 6)) - 84.
-90
Calculate (12 - -2 - -4) + -196 + 230.
52
What is the value of -928 + 933 - (2 + 55)?
-52
-4 - (-22 - -13 - (-12 + (-5 - -16) + -2))
2
Evaluate (8 - 11) + 33 + -23.
7
What is the value of 28 - ((10 - 26) + -11 + 53)?
2
What is the value of -10 - (-3 + 6 - 3 - (-41 + 28))?
-23
3 + 0 + -9 - (254 - 270)
10
-16 + (27 - (-49 + 11))
49
Calculate (-1 - -1) + (0 - -26) + 46 + (-140 - -178).
110
Calculate 73 + (-25 - -5) + -10.
43
What is the value of -9 + (5 - 20) + -38 + 45?
-17
Evaluate (4 - -39) + (11 - (-13 + 30 + 8)).
29
What is -218 + 85 - -27 - -197?
91
18 + 31 + (-2 + -1 - (-15 + 21))
40
What is the value of -2 - 8 - (-16 + (52 + -9 - 20))?
-17
Evaluate -11 + (-21 - (-15 - 16)) + 42.
41
Calculate -8887 - -8854 - (-2 - 150 - 0).
119
Evaluate 22 + (0 - 0) - (-3815 - -3758).
79
(0 - 10) + (60 - (-15 + (-38 - -18) + 29))
56
Calculate (-12 - -6) + 2 + -31.
-35
What is the value of 29 + -3 + (-32 - (-60 + 2))?
52
(113 + 14 - 133) + -19
-25
Calculate (6 - (19 - (-11 + 15))) + -16.
-25
Evaluate 6 + (10 + 11 - 8) - -17.
36
10 - ((-9 - 8) + 25 + 17)
-15
What is -113 + 60 + 18 - 1?
-36
Evaluate -9 - (7 + (11 + -19 - 11) - 40).
43
What is the value of 29 + 3 + -710 + 661?
-17
Calculate -6 + -16 - (19 - (13 - 57)).
-85
What is 20 - (18 + -15) - (-9 + (38 - -18))?
-30
What is the value of -183 + 160 + 40 + 0 - 4?
13
What is 43 - (-2 + (-3 - -5) + -5 + 3 - 6)?
51
Evaluate -46 - (23 + -25) - -27.
-17
Evaluate 29 + (-76 - (16 + -12)).
-51
Evaluate -6 + 3 - (27 - 49) - 52.
-33
Calculate 23 - -5 - (16 + (14 + 3 - 22)).
17
-41 + 2 + 0 + (-43 - -3) + (748 - 708)
-39
Evaluate -30 + (10 - (12 - (-27 + 18))).
-41
Calculate 4 + 6 + (-11 - -14) + 25 + 2.
40
-50 - (9 - (-17 - -16 - (2 + 0)) - 5)
-57
What is the value of -5 - (-1 - (14 + (-11 - (-20 + 10))))?
9
What is -35 + 0 + 28 - ((-2 - -4) + -4)?
-5
What is 2 - -167 - (266 + -182)?
85
What is the value of 11 + (-7 + -2 - (16 - 37)) + 16?
39
Calculate -24 + -13 + 6 - (10 + -138).
97
-79 - (-20 + (-12 - -13) - -8)
-68
Evaluate -81 + 133 - (-5 + 7 + -5 + (2 - 6)).
59
What is (-33 - -26) + -40 - -90?
43
(-84 - -74) + (-1 - -32) + 28
49
Calculate -23 - (13 - (12 +